= k - 83. Does 28 divide k?
False
Suppose 20 = -t + 5. Let k be 1 - (t + 4/(-2)). Suppose 0 = 4*v - 2*v - k. Is v a multiple of 5?
False
Is 3 + 1 - ((-20)/5 - 32) a multiple of 8?
True
Let t = -6 - -1. Is 14 a factor of t/((-75)/(-84))*-5?
True
Let y(p) = 2*p**2 - 6*p + 9. Is 15 a factor of y(6)?
True
Suppose -3 - 35 = -m. Let j = 56 - m. Is j a multiple of 9?
True
Suppose -2*m + 3 + 9 = 0. Is m a multiple of 6?
True
Let q be (-120)/(-9)*6/4. Suppose 0*i - q = -3*n - i, 4*n = 4*i + 16. Is 6 a factor of n?
True
Suppose -2*s = 5*d - s - 75, -3*d + s = -45. Is d a multiple of 5?
True
Let l be (2 - (1 + -2)) + 29. Let m = 18 + -9. Is -3*6/m + l a multiple of 10?
True
Is 14 a factor of (-3)/6*1*-28?
True
Let p(q) = -q**3 - 11*q**2 + 23*q - 25. Does 2 divide p(-13)?
True
Suppose -48*d = -51*d + 333. Does 13 divide d?
False
Let y be 1/(3/6*2). Suppose -u + 3 + y = 0. Is (2 - u) + 2*11 a multiple of 12?
False
Let p(c) = -c**2 - c + 2. Let f be p(-2). Suppose f = 5*r + 15 - 65. Is r a multiple of 4?
False
Let u = 72 + -28. Is u a multiple of 11?
True
Let y(f) = -4*f - 3. Let q be y(-4). Let z = 4 + q. Is 11 a factor of z?
False
Suppose 0 = 2*z - z. Let o = 2 + 4. Suppose i + 4*d - 11 - o = z, -2*i + 5*d + 99 = 0. Is 19 a factor of i?
False
Let g be (8 + 1)*(-1)/3. Let j = g - -6. Is j a multiple of 2?
False
Let f(w) = -w**3 + w**2 + w - 1. Does 25 divide f(-5)?
False
Suppose 2*i + d + 2 = 0, -2*i + 0*d + 3*d = 18. Let j = 2 - i. Suppose -3*o - b = b - 40, j*o - 35 = 3*b. Is 5 a factor of o?
True
Is 3 a factor of (-2)/(8/(-28)) - 1?
True
Suppose 0*p - 108 = 3*p. Let r = 56 + p. Is 2/(-8) - (-525)/r a multiple of 13?
True
Let g(x) be the third derivative of x**4/3 + x**3/6 + 3*x**2. Let y(o) = o**3 + 4*o**2 + 2*o - 2. Let u be y(-3). Is 3 a factor of g(u)?
True
Suppose 38 = 5*h - 3*h - 3*i, h - 3*i - 19 = 0. Let f = h + -6. Is 13 a factor of f?
True
Suppose -20*f + 816 = -384. Is f a multiple of 3?
True
Let x = 2 - 0. Let w be (-207)/(-6) + (-1)/x. Suppose 4*r + 4*z = 2*r + 30, -w = -2*r - 2*z. Does 10 divide r?
False
Let n(b) = -20*b + 15. Let j(o) = -13*o + 10. Let q(v) = -7*j(v) + 5*n(v). Suppose -d = 9 - 3. Is 21 a factor of q(d)?
False
Suppose j - 4 = 0, 2*j + 43 = -2*p - 21. Does 19 divide 442/8 + 9/p?
False
Let b(s) = s**3 - 6*s**2 + 4*s - 4. Is 10 a factor of b(6)?
True
Is 39 a factor of (3/2)/(13/(-26)) - -105?
False
Let o = -18 - -98. Does 20 divide o?
True
Does 11 divide (12 - 67)*(-2)/2?
True
Let v be 1 - 1 - (-9)/(-9). Let z = v + 3. Suppose -z*j = j - 99. Does 9 divide j?
False
Let x be (-16)/40 - (-514)/10. Let r = x - 15. Does 12 divide r?
True
Let w(s) = -s**2 + 22*s + 75. Is w(17) a multiple of 9?
False
Suppose 3*y - 146 = -5*k, -3*y + 118 = 2*k + 2*k. Is k a multiple of 4?
True
Let r = 25 - 19. Does 5 divide 12/(-18) + 46/r?
False
Let p = -13 - -22. Is 3 a factor of 16/(-72) - (-29)/p?
True
Let n(q) = q**3 + 6*q**2 + 4*q + 7. Let c be n(-5). Let d be 5/(-1)*(-30)/50. Suppose -d*t + c = -0, -3*t = 3*x - 72. Is 10 a factor of x?
True
Let k = 152 - 67. Let x = k - 61. Is x a multiple of 15?
False
Let p be 73*1 - (0 + 3). Suppose h - 2*h + p = 0. Is h a multiple of 14?
True
Let q be (-30)/(-8) + (-4)/(-16). Suppose 0 = -q*f + h + 34, 3*h - h = 4. Let r = f + -5. Is 2 a factor of r?
True
Let x(a) = -5*a**3 + 3*a**2 + 3*a + 2. Let d be x(-2). Suppose 3*f = -t + 8*f + d, 5*f = -15. Does 11 divide t?
True
Let x(n) = -n**2 + 14*n + 6. Does 15 divide x(9)?
False
Let u be 2/2 - (-7 - 4). Suppose 0 = -y + p - 5*p + u, 0 = 5*y + 3*p - 9. Suppose -g - 2*g = 3*t - 51, y = -2*g + 5*t + 62. Does 19 divide g?
False
Suppose 0 = 3*l - 96 - 345. Is l a multiple of 25?
False
Let q(k) be the second derivative of k**5/20 - 3*k**4/4 - 7*k**3/6 + k**2 + 3*k. Is q(10) a multiple of 16?
True
Let t(l) = -14*l - 3. Let h(k) = 9*k + 2. Let m(x) = 8*h(x) + 5*t(x). Is m(7) a multiple of 5?
True
Let o = 7 - 5. Let m(k) = -4*k**3 - 3*k**2 + 4*k**3 - k - k**3 + 8 + 2*k**o. Is m(0) a multiple of 8?
True
Suppose 1 = f + 2*b - 29, -4*f - 4*b = -100. Is f a multiple of 20?
True
Suppose -5*y + c = -63, -2*y + 18 = -2*c + 4*c. Is y a multiple of 3?
True
Let k = -3 + 6. Suppose -k = g - 5. Suppose y - 13 = -4*t + 24, g*y = 5*t + 9. Does 14 divide y?
False
Let t = -10 - -1. Let z(y) = 2*y**2 + 12*y - 11. Does 16 divide z(t)?
False
Suppose -f + 32 = -4*i, 6*f + i = 3*f + 31. Does 12 divide (2 + f/(-5))*-60?
True
Suppose 4*f + 2*c = c + 231, 5*c - 53 = -f. Is 29 a factor of f?
True
Suppose 16 = -2*s + 46. Let r = s + 23. Suppose 0 = -4*w, 0*a + 4*w - r = -2*a. Is a a multiple of 14?
False
Let b = -7 + 6. Let d(m) = 21*m**2 - 1. Let x be d(b). Let h = x - 9. Is 8 a factor of h?
False
Let f(x) be the first derivative of -x**3/3 - 9*x**2/2 - 6*x + 6. Does 8 divide f(-7)?
True
Suppose -320 = -0*q - 4*q. Is 20 a factor of q?
True
Is 6 a factor of (17 - -1)*(-41 - -6)/(-5)?
True
Suppose 9 = 4*b - 35. Suppose 5*i - b = 154. Does 20 divide i?
False
Let h(n) = -1. Let v(y) = 21*y - 6. Let i(x) = -2*h(x) + v(x). Let d be i(8). Suppose j = -4*p + 2*j + d, 0 = -p + j + 41. Does 16 divide p?
False
Let n = 69 - 132. Let i = -35 - n. Is i a multiple of 8?
False
Let i(u) = -u**2 - 11*u + 36. Does 6 divide i(-12)?
True
Suppose 7*f + 6 = 4*f. Let h be 60 + (-6)/(f + 5). Let j = h - 32. Is j a multiple of 13?
True
Let j(g) = 4 - 2*g**3 + g**2 + 3*g**3 - 3*g - 5. Let s be j(-2). Does 5 divide s/((-2)/(-38)*1)?
False
Let j be ((-10)/(-6) + -2)*-3. Suppose 85 = 4*a - 3*o - 59, -5*a = 2*o - 203. Is 8 a factor of (-1)/(((-3)/j)/a)?
False
Let o be 8/14 - (-17)/7. Let f be 464/(-10) - 2/(-5). Does 12 divide (f/(-6))/(o/9)?
False
Let q = 8 - 2. Does 2 divide q?
True
Let h = 15 + -9. Suppose -3*a = -h*a. Does 4 divide (-2)/(a - (-3)/(-21))?
False
Let i(z) = z. Let d(m) = -m**2 - m + 2. Let x(v) = d(v) - 4*i(v). Is x(-4) even?
True
Suppose 2*z - 1145 = -5*s, 2*s - 4*z = 6*s - 928. Is 12 a factor of s?
False
Suppose -2*m = -5*p - 0 - 72, 5*p + 124 = 4*m. Is m a multiple of 2?
True
Let k be (2/(-2) - 2)*-1. Suppose 36 = -4*d + k*a, a + 7 = -d - 2. Does 9 divide 15*1*(-6)/d?
False
Let s = 20 - 8. Does 3 divide s?
True
Let u(k) = -k + 2. Let x be u(0). Let n be 0 - 2 - (-9 + 2). Suppose 3*j = -z + 37, -n*j - z - x*z + 67 = 0. Is 11 a factor of j?
True
Suppose -27 = b - 5*k - 5, 0 = 5*b - 3*k + 66. Is 1*3/(b/(-152)) a multiple of 8?
False
Let p be 2/(3 - (2 - 1)). Is 5 a factor of (-17)/(-2) + p/2?
False
Let k = -5 + 24. Is k a multiple of 6?
False
Let n be (5/1)/(8/176). Suppose -2*a = 2*a. Suppose s + 4*s - n = a. Does 11 divide s?
True
Let a = 174 + -119. Suppose a = 4*i + i. Does 5 divide i?
False
Let q = -47 - -188. Is 26 a factor of q?
False
Let u be (-4)/16 - 57/(-4). Does 24 divide -12 + u + 35*2?
True
Suppose 0 = 3*g - 2*o - 340, 5*g + 4*o = 452 + 78. Does 28 divide g?
False
Let i be (-108)/(-26) + 8/(-52). Suppose -5*d + 40 = i*o, 3*d - 1 = -2*o + 17. Is o a multiple of 13?
False
Suppose 0 = -g + 6*g - 25. Let v be 104 + 3/(g - 2). Suppose r + v = 4*r. Does 12 divide r?
False
Suppose -12 = -r + 2*r. Let s be (3/2)/((-3)/(-8)). Let t = s - r. Is 8 a factor of t?
True
Suppose 0*g = 5*g - 20. Is g a multiple of 2?
True
Let y = -423 + 769. Does 44 divide y?
False
Let s = -11 + 7. Let v(o) = -10*o. Is 20 a factor of v(s)?
True
Suppose 7*t = 4*t + 12, -3*t = 3*y + 27. Let v = 17 + y. Is 2 a factor of v?
True
Let l = 6 + -3. Suppose -57 = -4*a + 2*a - 5*b, -l*a + 68 = 4*b. Is a a multiple of 6?
False
Let q = 184 - 154. Does 3 divide q?
True
Let p be -24 + 0 - (-2 - -2). Let x = -81 + 138. Let l = x + p. Does 13 divide l?
False
Let j be (24/(-10))/(4/(-20)). Suppose 4*a = -2*f + 56, 2*f - j = 2*a + 56. Is 16 a factor of f?
True
Suppose -3*b + 15 = -2*b. Is 1/(b/(-9))*-15 a multiple of 4?
False
Suppose -3*k + 5*d = -16, -4*d = -k + d + 12. Suppose 3*c - 5*l = 97, k*c + c + 3*l = 57. Is c a multiple of 8?
True
Suppose -13*d = -123 - 436. Is d even?
False
Is 10 a factor of -40*(-3 - 10/(-4))?
True
Let v(f) be the second derivative of -f**3 + f**2/2 - f. Is 4 a factor of v(-1)?
False
Is 22 a factor of (-581)/(-4) - ((-2)/8)/(-1)?
False
Suppose -35*i + 125 = -30*i. Is 25 a factor of i?
True
Suppose 0*d - d = 11. Let h = -2 - d. Does 5 divide h?
False
Let u(t) = -7*t**3 - 27*t**2 - 31*t + 31. Let y(a) = 3*a**3 + 